 - (-1)/(2/28). Let y = 406 - 397. Suppose -i - y = -g. What is the remainder when 14 is divided by i?
2
Suppose -1891 = -10*g + 179. Suppose -20*o + 11*o = -g. Calculate the remainder when 135 is divided by o.
20
Suppose -3*g = -5*g + 64. Suppose -4*v - 3*c + 501 = 0, -248 = -2*v + 14*c - 18*c. What is the remainder when v is divided by g?
30
Suppose -4424 = -6*w + 1713 + 1621. Calculate the remainder when w is divided by 42.
33
Suppose 0 = 2*l + 3*l - 1555. Suppose -19 = 2*n - 23. Suppose -s - 2*s + 323 = n*q, 0 = -3*s + q + l. Calculate the remainder when s is divided by 27.
24
Let j = 35 + -13. Suppose 5*x - 10*x = -5*i + 2130, -5*i + 2144 = 2*x. Suppose -i = 13*o - 17*o. Calculate the remainder when o is divided by j.
19
Let g(n) = -n**3 - 14*n**2 - 43*n - 107. Suppose -y - 12 = -5*y. What is the remainder when y is divided by g(-11)?
0
Let r(g) = g**3 - 2*g**2 - 5*g - 4. Calculate the remainder when r(5) is divided by (2 + -15)*(-50)/65.
6
Suppose -4*q = -4*z + z - 148, 5*q - 208 = -2*z. Suppose -5*w - 462 = -4*s + 54, -8*w - 21 = -s. Calculate the remainder when s is divided by q.
29
Suppose -44*x + 1817 + 3243 = 0. What is the remainder when x is divided by 40?
35
Suppose h - 211 = -4*o, -5*h + 832 = 2*o - 241. Suppose q - h = -u, -5*q + 282 = 4*u - 576. What is the remainder when u is divided by 3/(18/48) + 36?
41
What is the remainder when 729 is divided by (-39)/(-156) + -2*3575/(-40)?
13
Let g(o) = o**2 - 8*o + 10. Let y = 47 - 47. Suppose -3*t = 0, -t = -3*j + 27 - y. Calculate the remainder when 94 is divided by g(j).
18
Let k be (6/10)/((-1)/(-5)). Let y(w) = 2 + 0 - 8*w**3 + 7*w**3 - w + 12*w**k. What is the remainder when 68 is divided by y(1)?
8
Suppose 0 = -3*m + 3*u + 441, 2*m + 0*m - 274 = -3*u. Let f = 147 - 55. Suppose 8*v - 140 = f. Calculate the remainder when m is divided by v.
27
Let a = 136 + -131. Suppose -3*g - a*c + 60 = g, -3*g + c + 45 = 0. Calculate the remainder when 2/6 - 430/(-6) is divided by g.
12
Suppose 0 = -2*v - 0*v + 8. Suppose 998*q - 992*q - 768 = 0. What is the remainder when (8/(q/36))/(12/128) is divided by v?
0
Let r(d) = 89*d**2 - 4*d + 24. Let s be r(3). Suppose -s = 3*o + 3*l, 0 = -4*o - 2*l - 373 - 719. What is the remainder when 74 is divided by (0 - 1)*o/11?
24
Suppose -39*d + 2994 = -363 + 393. Calculate the remainder when 50159 is divided by d.
75
Suppose -14*j - 25048 = -70352. What is the remainder when j is divided by 79?
76
Suppose -5*b + 4 = -1, 2*d + 4*b - 62 = 0. Let f(m) = 2*m**2 - 7*m + 2. Let w be f(5). Suppose -3*g + 16 = -w. What is the remainder when d is divided by g?
7
Let u = 29 - 21. Let c(b) = 23*b**3 - 6*b**2 - 4*b**2 + u - 22*b**3. What is the remainder when 11 is divided by c(10)?
3
Suppose 30*g = 38*g - 231 - 145. Calculate the remainder when 1315 is divided by g.
46
Suppose 697*z - 691*z = 594. Calculate the remainder when 193 is divided by z.
94
Suppose 2*d + 2*z + 6 = 0, 4*d + 0*z - 2*z = 12. Let a(s) = 7*s**2 - 2*s + 2. Calculate the remainder when a(d) is divided by 4.
3
Let f = 1622 - 1332. Calculate the remainder when f is divided by 74.
68
Suppose -5*b + 124 = -b. Suppose -2*u + 39 = -3*z, -u + 4*u - b = -z. What is the remainder when 18758/452 + ((-1)/(-5))/((-26)/10 - -3) is divided by u?
6
Suppose -x = u - 38, 190 = 5*u - 3*x - x. Suppose u*s = 33*s + 600. Calculate the remainder when s is divided by 21.
15
Let g(n) = n**2 - n + 1. Let d(j) = 4*j**2 - 6*j - 8 + 14*j - 17 - j**3 + 1. Let o(m) = d(m) + 4*g(m). Calculate the remainder when 41 is divided by o(8).
5
Let o = -681 - -1672. Suppose o = 11*l - 208. Calculate the remainder when l is divided by 38.
33
What is the remainder when 1360*(46/7 + (-15)/(-35)) + -2 is divided by 140?
138
Suppose 3*i - 7*i + 2*g = -120, 5*g = -4*i + 106. Let s be (-8*(-6)/4)/(6 + -4). Suppose -s*o - 1760 = -22*o. Calculate the remainder when o is divided by i.
23
Let o = -628 - -705. Suppose -3*x + 18 = x + p, 2*x + 2*p - 12 = 0. Suppose -3*v = 4*k - 27, x*k + 5*v - 21 = -0. What is the remainder when o is divided by k?
5
Let o = 15168 - 14995. Calculate the remainder when 995 is divided by o.
130
Let v = 23951 + -23742. Calculate the remainder when 4173 is divided by v.
202
Let y = 298 - 298. Suppose y = -12*c + 257 + 43. Calculate the remainder when 102 is divided by c.
2
Let d(x) = 5*x**2 + 14*x**2 + 3*x**3 - 22*x**2 + 73*x**3 + 2*x. What is the remainder when d(1) is divided by 12?
3
Suppose -540*b - 5*g - 2306 = -543*b, 5*g = -b + 782. What is the remainder when 1563 is divided by b?
19
Let x(f) = f**2 - 37*f + 33. Let w be ((-20)/(-40))/(((-3)/76)/(-3)). Calculate the remainder when x(w) is divided by 61.
10
Suppose 3*i + 8 - 17 = 0. Suppose i*g + 36 = 3*o, -2*o + 4 = -o + 3*g. Suppose -3*n + 20 = h + h, o = -5*h. Calculate the remainder when 12 is divided by n.
4
Let z = 6372 - 6375. Let h(o) be the second derivative of -o**5/10 - o**4/4 - 2*o**3/3 - 2*o**2 + o. What is the remainder when h(z) is divided by 12?
11
Calculate the remainder when 9424 is divided by 329490/(76 + -41)*1/3.
10
Let o = 7 - 5. Suppose -7*w + 3*w - 211 = -5*a, -o*w - 41 = -a. Calculate the remainder when 4*(-7)/3*(54/15)/(6232/(-23370)) is divided by a.
40
Suppose -340*t + 683*t - 2505 = 328*t. What is the remainder when 338 is divided by t?
4
Suppose 4*v - 5*s = 4669, 13*v = 8*v - 5*s + 5870. Calculate the remainder when v is divided by 296.
283
Let a(y) = y**2 + y + 2. Let k = 314 - 572. Calculate the remainder when (-2)/(36/k)*3 is divided by a(-2).
3
What is the remainder when 779 is divided by 2732/16 + (-415)/(-332)?
91
Let d = 3921 + -2902. Calculate the remainder when d is divided by 30.
29
Let l = -3206 - -3440. Calculate the remainder when 15208 is divided by l.
232
Let l(r) = -r**2 + 3*r + 7. Let u be 2/5*(23 - 18). Let h be -5 + u*(-8)/(-2). What is the remainder when 8 is divided by l(h)?
1
Let j be (-9 + 5291/55)/((-4)/(-10)). Let g = 228 - j. Calculate the remainder when 197 is divided by g.
7
Suppose q + 4*o = 0, 48 + 0 = 4*q + 4*o. What is the remainder when q is divided by (-2)/10 + 52/10?
1
Let z(w) = 12*w**3 - 4*w**2 - w + 5. Calculate the remainder when 31 is divided by z(1).
7
Let i = -219 + 432. What is the remainder when i is divided by -10 + 41 + (34 - 38)?
24
Suppose 5*p - 2*b - 19 - 83 = 0, 5*p + 5*b = 95. What is the remainder when 558 is divided by p?
18
Let p = 5433 - 4138. What is the remainder when p is divided by 80?
15
Suppose -34*c - 473 + 1425 = 0. Suppose -3*v + 46 = -4*x, -4*v + 5*x - 2*x + 73 = 0. What is the remainder when c is divided by v?
6
Let d be (-2)/4*18/(-3). Suppose -2*v = 6*p - 5*p - 92, 5*v - 5*p = 275. What is the remainder when v is divided by (d + 22/(-3))*-3?
10
Let o(t) be the first derivative of t**4/2 - 4*t**3/3 + 5*t**2 + 6*t + 144. Calculate the remainder when o(5) is divided by 69.
68
Suppose -55*q - 975 = -70*q. Suppose -q = -4*h + 5*w + 51, 2*h - 4*w = 64. Calculate the remainder when 118 is divided by h.
22
Let d(n) = -4*n - 212 + 5*n + 218 + 9*n**2. What is the remainder when d(2) is divided by 36?
8
Suppose -34*v + 592 + 668 = -6*v. What is the remainder when 1764 is divided by v?
9
Suppose 854*u - 847*u = 4242. Calculate the remainder when u is divided by 47.
42
Suppose -5*v + 6*v = 23*v - 31482. What is the remainder when v is divided by 354?
15
What is the remainder when (-1 + -11 + 2)*(-9465)/150 is divided by 204?
19
Let n = 2 + 14. Let i = 13051 - 12830. Calculate the remainder when i is divided by n.
13
Suppose i + 2*i = 8*i + 5*s - 2325, 0 = -3*s. Calculate the remainder when i is divided by 34.
23
Calculate the remainder when 4604 is divided by 51*11/33 - -1.
14
Calculate the remainder when (-5252)/13*((-24)/(-6) + (-18)/4) is divided by 168.
34
Let f be (-4)/4*(0 + 3). Let o = f + 21. Suppose -3*i - 3*s + o = 0, -2*i = s - 13 - 3. Calculate the remainder when 19 is divided by i.
9
What is the remainder when 134 is divided by ((231/14)/(-11))/((-668)/328 + 2)?
11
Suppose 2*s + 124*s + 17600 = 80600. What is the remainder when s is divided by 276?
224
Calculate the remainder when 5*3*112/20 is divided by ((-6)/40)/((-2)/(-10))*40/(-3).
4
Let c = 206760 - 206567. Let y(n) = n**3 + n**2 - n + 15. What is the remainder when c is divided by y(0)?
13
Let i(t) = -t**2 -